088 (base 10) to base 6
5012
-2 (base 16) to base 9
-2
-74d (base 16) to base 5
-24434
4a5 (base 12) to base 9
858
What is -44a (base 15) in base 2?
-1111001010
What is -21333121 (base 4) in base 10?
-40921
ac23 (base 13) to base 10
24027
What is 17b8 (base 16) in base 8?
13670
What is -210220 (base 3) in base 11?
-498
Convert -111011111101010 (base 2) to base 6.
-354042
35 (base 11) to base 9
42
What is -525 (base 9) in base 15?
-1d8
-8677 (base 14) to base 9
-34774
What is -2001110210 (base 3) in base 14?
-10a48
What is 101001111 (base 3) in base 7?
30241
What is 22010200 (base 3) in base 16?
172b
-2469 (base 15) to base 6
-55513
Convert 1628 (base 16) to base 5.
140142
Convert -748c (base 13) to base 4.
-3330223
-31011 (base 4) to base 10
-837
What is -786 (base 11) in base 2?
-1110101101
What is 516 (base 7) in base 9?
316
What is 4150 (base 6) in base 2?
1110100010
Convert 23b (base 14) to base 10.
445
-a95 (base 14) to base 11
-1631
What is -3136 (base 9) in base 15?
-a36
What is 3862 (base 15) in base 3?
121111002
1198 (base 10) to base 2
10010101110
What is 280 (base 13) in base 7?
1201
Convert -8572 (base 9) to base 14.
-2422
Convert -340 (base 10) to base 5.
-2330
11100111001001 (base 2) to base 4
3213021
Convert 1005 (base 8) to base 14.
28d
Convert -55a (base 13) to base 12.
-648
1035 (base 8) to base 15
261
-12011 (base 5) to base 16
-371
What is 8553 (base 16) in base 12?
17903
-83 (base 14) to base 11
-a5
What is 748 (base 9) in base 15?
2ab
What is 1528 (base 9) in base 8?
2210
Convert -441534 (base 6) to base 12.
-192aa
What is 172 (base 12) in base 4?
3212
2020200 (base 3) to base 2
11001100110
Convert -56ae (base 16) to base 10.
-22190
3ea5 (base 15) to base 12
7932
What is -8653 (base 9) in base 2?
-1100011011110
-3310234 (base 5) to base 7
-325006
What is -135132 (base 6) in base 8?
-31000
What is 11112200 (base 3) in base 2?
110011110000
1130133 (base 4) to base 10
5919
Convert -4853 (base 10) to base 14.
-1aa9
1344 (base 5) to base 14
120
What is -50210 (base 7) in base 13?
-5687
2002 (base 7) to base 15
30d
Convert 1013310 (base 4) to base 15.
1566
What is 36750 (base 9) in base 11?
17597
2055 (base 6) to base 2
111010011
Convert -2b222 (base 12) to base 8.
-166572
Convert -375 (base 16) to base 6.
-4033
What is 1167 (base 8) in base 14?
331
27370 (base 9) to base 5
1043111
Convert 795 (base 14) to base 10.
1503
Convert 17ca (base 13) to base 7.
13224
What is -40dd (base 15) in base 9?
-20721
10687 (base 9) to base 10
7126
What is 5511 (base 6) in base 5?
20032
Convert 12341 (base 6) to base 4.
131011
-343541 (base 6) to base 5
-1414430
What is -162 (base 12) in base 13?
-13a
What is 2113 (base 7) in base 4?
23221
234202 (base 5) to base 12
5031
-161 (base 16) to base 11
-2a1
What is 100662 (base 9) in base 12?
2a59b
What is 3063 (base 15) in base 8?
23752
1111100 (base 3) to base 5
13324
What is 2735 (base 16) in base 13?
4751
What is -42714 (base 9) in base 13?
-cb47
What is 1a5 (base 16) in base 9?
517
What is -146 (base 12) in base 6?
-530
5955 (base 11) to base 8
17174
Convert 1777 (base 10) to base 4.
123301
What is 1311100 (base 4) in base 2?
1110101010000
Convert 4240013 (base 5) to base 3.
10121202012
What is 9cc (base 13) in base 3?
2022120
What is -1110001111 (base 2) in base 4?
-32033
Convert 3bd (base 15) to base 16.
355
Convert -30331 (base 5) to base 3.
-2200211
What is -11c6 (base 14) in base 13?
-1557
-1101101000000 (base 2) to base 13
-3238
-11306 (base 7) to base 9
-3868
What is -36063 (base 9) in base 7?
-130206
1030 (base 7) to base 6
1404
Convert 2e5 (base 15) to base 7.
1640
What is 1012 (base 4) in base 7?
130
What is -10bba (base 13) in base 14?
-b1db
What is -101000111 (base 2) in base 3?
-110010
101001102 (base 3) to base 8
16240
What is -4231 (base 8) in base 13?
-1004
Convert 42525 (base 7) to base 11.
7a25
What is 596 (base 10) in base 9?
732
147642 (base 8) to base 14
1552a
Convert 11000010 (base 3) to base 14.
10c7
-2000421 (base 5) to base 13
-11375
What is -1739 (base 14) in base 3?
-12201100
224 (base 13) to base 14
1c4
What is 20142 (base 5) in base 9?
1701
Convert -4e2 (base 15) to base 3.
-1112012
What is -131251 (base 6) in base 4?
-2323033
What is -8a9 (base 12) in base 9?
-1673
Convert -29e (base 16) to base 8.
-1236
-5d (base 15) to base 13
-6a
-1421 (base 5) to base 6
-1032
What is 27668 (base 9) in base 3?
221202022
Convert -22023001 (base 4) to base 13.
-15c70
What is 6933 (base 10) in base 2?
1101100010101
What is -13 (base 6) in base 3?
-100
What is -4204 (base 7) in base 6?
-10454
-1090 (base 15) to base 5
-103020
-3aa21 (base 11) to base 16
-e462
Convert -3000220 (base 4) to base 14.
-46c8
What is -3201 (base 7) in base 9?
-1483
What is -1310203 (base 4) in base 8?
-16443
-1015 (base 6) to base 12
-16b
What is 1348 (base 15) in base 8?
10026
ca1 (base 14) to base 4
212331
What is -3405 (base 8) in base 5?
-24142
What is -e036 (base 15) in base 11?
-325a1
-1126 (base 8) to base 14
-30a
Convert 10100102 (base 3) to base 9.
3312
Convert -301a (base 11) to base 5.
-112024
What is -6908 (base 13) in base 9?
-22155
What is -1111001111 (base 2) in base 7?
-2562
2434 (base 7) to base 10
907
What is -3247 (base 13) in base 14?
-2792
Convert 11010001 (base 2) to base 4.
3101
b5 (base 12) to base 4
2021
What is 3278 (base 13) in base 5?
211103
What is -21233 (base 5) in base 4?
-112203
2760 (base 12) to base 11
3454
Convert -63022 (base 8) to base 11.
-186a5
Convert 1465 (base 10) to base 2.
10110111001
Convert -22112102 (base 3) to base 2.
-1100001001101
-1388 (base 9) to base 16
-41c
What is -21420 (base 6) in base 8?
-5624
22342 (base 7) to base 3
21202211
78 (base 11) to base 7
151
What is 4343 (base 7) in base 13?
923
What is 3021 (base 4) in base 10?
201
-1013 (base 15) to base 9
-4580
Convert 36e (base 15) to base 5.
11104
What is -506 (base 9) in base 14?
-215
What is -db (base 14) in base 6?
-521
-5c81 (base 13) to base 12
-7712
102101010 (base 3) to base 11
6259
What is -100010100010 (base 2) in base 10?
-2210
Convert -11010110 (base 2) to base 14.
-114
Convert -112022211 (base 3) to base 14.
-3b40
Convert 1230 (base 8) to base 5.
10124
What is 100010 (base 2) in base 14?
26
Convert -2118 (base 11) to base 14.
-1042
What is 43a (base 13) in base 7?
2054
What is 1203 (base 7) in base 8?
674
-174a (base 13) to base 7
-13015
-10110001001000 (base 2) to base 11
-8576
616 (base 9) to base 4
13311
What is -53b (base 12) in base 7?
-2144
Convert 86 (base 14) to base 9.
141
Convert -26810 (base 9) to base 7.
-103632
What is 472 (base 8) in base 3?
102122
Convert -14918 (base 14) to base 9.
-77174
What is 556 (base 13) in base 4?
32110
Convert 27936 (base 10) to base 12.
14200
Convert -58 (base 12) to base 16.
-44
Convert -c8c5 (base 13) to base 12.
-14171
What is 10c7 (base 15) in base 8?
6752
What is 639 (base 11) in base 6?
3320
What is 8bc (base 13) in base 10?
1507
Convert -110226 (base 8) to base 12.
-19506
-11c26 (base 13) to base 12
-16baa
Convert 211101 (base 3) to base 5.
4404
38bb (base 14) to base 15
2e45
22101202 (base 3) to base 8
13752
67 (base 16) to base 10
103
What is -11110011101100 (base 2) in base 5?
-444341
c73 (base 16) to base 6
22431
Convert 42032 (base 6) to base 3.
21201202
What is 311001 (base 7) in base 12?
26926
-2268 (base 9) to base 12
-b82
What is 1411 (base 7) in base 9?
667
Convert 43 (base 9) to base 10.
39
What is -3025 (base 11) in base 13?
-1aa3
What is -1775 (base 10) in base 5?
-24100
Convert 81231 (base 9) to base 13.
1b403
54545 (base 6) to base 11
5747
-83705 (base 9) to base 5
-3231442
-402211 (base 6) to base 3
-1121100221
What is 729 (base 13) in base 16?
4c2
What is -11d (base 14) in base 7?
-436
Convert -6938 (base 12) to base 3.
-121001122
405 (base 6) to base 15
9e
-145 (base 9) to base 4
-1322
Convert -2956 (base 15) to base 13.
-4053
722 (base 14) to base 12
98a
2516 (base 8) to base 10
1358
What is 1232 (base 4) in base 10?
110
What is -d867 (base 16) in base 8?
-154147
1336 (base 11) to base 4
123011
Convert -6571 (base 9) to base 2.
-1001011101011
What is 1006 (base 9) in base 11?
609
-201211 (base 3) to base 2
-1000010111
-830 (base 10) to base 9
-1122
-15466 (base 7) to base 8
-10410
Convert 320 (base 16) to base 14.
41